3330133 (base 4) to base 10
16159
-101100101000 (base 2) to base 6
-21120
Convert -2202230 (base 4) to base 14.
-3b1a
What is -806 (base 12) in base 7?
-3243
Convert -557a (base 12) to base 8.
-22356
147a7 (base 11) to base 2
101000111000001
Convert 133 (base 8) to base 3.
10101
7425 (base 8) to base 5
110421
What is 3870 (base 10) in base 7?
14166
What is -3899 (base 11) in base 2?
-1001111001101
What is -1100011011 (base 2) in base 11?
-663
What is -35422 (base 6) in base 8?
-12006
What is -5c (base 14) in base 10?
-82
1320123 (base 4) to base 5
221312
Convert 5b7 (base 15) to base 16.
511
-21044 (base 5) to base 11
-1062
What is -222502 (base 6) in base 5?
-1100013
What is -200213 (base 4) in base 10?
-2087
Convert -32a1 (base 16) to base 2.
-11001010100001
Convert 15232 (base 6) to base 3.
10101102
What is 1551 (base 13) in base 4?
300210
Convert -10100110110 (base 2) to base 16.
-536
-404 (base 8) to base 13
-170
Convert 34d (base 15) to base 14.
3b6
639 (base 16) to base 5
22333
What is -7614 (base 13) in base 7?
-65562
Convert 10301112 (base 4) to base 8.
46126
Convert 202220 (base 7) to base 11.
23944
-466 (base 12) to base 5
-10104
-222220 (base 4) to base 9
-3661
2781 (base 9) to base 11
1638
Convert 172 (base 12) to base 13.
149
-2013 (base 5) to base 10
-258
Convert 230322 (base 4) to base 12.
17b6
Convert 150 (base 7) to base 3.
10010
What is 7457 (base 8) in base 2?
111100101111
What is -928 (base 10) in base 8?
-1640
What is 4455 (base 6) in base 3?
1102122
What is 1615 (base 10) in base 6?
11251
-36 (base 14) to base 7
-66
What is 140413 (base 6) in base 9?
18880
What is -21333 (base 7) in base 8?
-12304
Convert -20112011 (base 3) to base 4.
-1022110
Convert -2255 (base 6) to base 13.
-326
Convert -233 (base 5) to base 12.
-58
Convert -12462 (base 7) to base 16.
-cff
What is -110101000100001 (base 2) in base 10?
-27169
Convert -113231 (base 4) to base 9.
-2065
What is -1011100000 (base 2) in base 6?
-3224
Convert -693 (base 15) to base 4.
-113100
Convert 111101111 (base 2) to base 13.
2c1
What is 22122 (base 3) in base 5?
1413
What is -6b8 (base 12) in base 5?
-13004
-1113332 (base 4) to base 11
-4259
Convert -3566 (base 7) to base 4.
-110222
What is -2259 (base 11) in base 15?
-d2d
Convert -626 (base 13) to base 9.
-1382
Convert -221210002 (base 3) to base 10.
-18794
What is -462 (base 10) in base 14?
-250
-76d3 (base 16) to base 12
-1572b
3603 (base 15) to base 11
8695
Convert 1111001 (base 2) to base 11.
100
-4b9 (base 16) to base 4
-102321
What is 6 (base 8) in base 2?
110
Convert b8f (base 16) to base 15.
d24
What is -2d07 (base 15) in base 9?
-14247
What is -73720 (base 8) in base 7?
-155265
-10020222020 (base 3) to base 9
-106866
Convert 402 (base 11) to base 7.
1263
What is 101010001011010 (base 2) in base 11?
15251
-520 (base 12) to base 6
-3240
Convert 3647b (base 12) to base 5.
4320442
Convert -3bc (base 14) to base 9.
-1027
76a1 (base 11) to base 10
10154
Convert -564 (base 8) to base 10.
-372
-112516 (base 7) to base 3
-1000122101
Convert -62576 (base 8) to base 13.
-ba98
Convert 110 (base 5) to base 13.
24
-42276 (base 10) to base 12
-20570
Convert -135005 (base 7) to base 14.
-953c
Convert -4301012 (base 5) to base 15.
-16507
What is 406 (base 9) in base 16?
14a
421 (base 8) to base 10
273
What is 8850 (base 9) in base 8?
14575
What is -3333002 (base 4) in base 9?
-24345
What is 72116 (base 8) in base 16?
744e
What is 20011 (base 10) in base 16?
4e2b
Convert -22020201 (base 3) to base 2.
-1011101111101
-160 (base 8) to base 5
-422
What is -102 (base 12) in base 3?
-12102
-101000111 (base 2) to base 10
-327
-3147 (base 9) to base 14
-bb1
Convert -4223 (base 5) to base 13.
-344
4bf (base 16) to base 4
102333
202100212 (base 3) to base 2
11100111111110
10111001100010 (base 2) to base 6
130550
What is -6b0 (base 14) in base 6?
-10054
-4166 (base 10) to base 7
-15101
11001001111001 (base 2) to base 4
3021321
-120102 (base 6) to base 8
-24246
What is -123576 (base 8) in base 16?
-a77e
-1301011 (base 4) to base 16
-1c45
What is 13333320 (base 4) in base 11?
22682
Convert -28695 (base 11) to base 7.
-226556
Convert -10d2 (base 15) to base 13.
-181a
Convert 10300121 (base 4) to base 14.
7157
660 (base 8) to base 3
121000
-3b0 (base 12) to base 13
-345
-100021132 (base 4) to base 10
-66142
-42347 (base 9) to base 5
-1343423
What is -223412 (base 5) in base 16?
-1f2e
Convert -302 (base 7) to base 4.
-2111
What is 2432 (base 15) in base 14?
2b3b
Convert -2c22 (base 13) to base 15.
-1da0
1c5 (base 14) to base 10
369
4311 (base 5) to base 3
210112
-2000211 (base 3) to base 2
-10111001000
What is -2011212 (base 3) in base 14?
-817
Convert -7145 (base 10) to base 5.
-212040
-3043 (base 5) to base 12
-292
What is 11010110 (base 2) in base 14?
114
Convert -329 (base 15) to base 10.
-714
-401 (base 9) to base 14
-193
Convert 1611 (base 10) to base 7.
4461
What is -11012310 (base 4) in base 12?
-10130
Convert -720 (base 8) to base 7.
-1232
What is -11244 (base 6) in base 16?
-64c
What is -2242 (base 7) in base 6?
-3434
What is 6a7 (base 13) in base 14?
5c3
214310 (base 5) to base 7
30510
What is -123053 (base 6) in base 10?
-11049
Convert 101110001011 (base 2) to base 7.
11421
Convert -12756 (base 16) to base 10.
-75606
What is 2332 (base 10) in base 4?
210130
1210 (base 6) to base 16
126
What is 111111010001110 (base 2) in base 13?
11992
What is -3491 (base 14) in base 3?
-110112122
Convert 500 (base 10) to base 4.
13310
What is -20222221 (base 3) in base 4?
-1033231
20021100 (base 4) to base 14
c22c
-10010001111 (base 2) to base 14
-5d5
Convert 616a (base 11) to base 4.
1333313
What is -1478 (base 10) in base 5?
-21403
What is -210415 (base 7) in base 16?
-8d7f
1af (base 16) to base 2
110101111
6553 (base 8) to base 14
1375
135 (base 14) to base 4
3303
What is 14514 (base 12) in base 2?
110111011100000
307 (base 11) to base 9
451
What is 21001000 (base 3) in base 7?
20646
111010010101 (base 2) to base 4
322111
What is -60324 (base 7) in base 9?
-21880
10706 (base 8) to base 12
2772
Convert 177101 (base 8) to base 3.
10022021201
Convert -17802 (base 10) to base 15.
-541c
-1011101011 (base 2) to base 3
-1000200
What is -9f4 (base 16) in base 4?
-213310
Convert 866 (base 11) to base 15.
495
-98c (base 16) to base 11
-1922
Convert 70723 (base 9) to base 16.
b5b3
Convert -2163 (base 8) to base 12.
-7ab
Convert -233 (base 14) to base 5.
-3222
Convert d5ee (base 15) to base 11.
30a83
Convert 3334 (base 5) to base 8.
725
-12233022 (base 4) to base 5
-1340334
What is 1323020 (base 5) in base 8?
64013
Convert 2010201 (base 3) to base 10.
1558
Convert 230 (base 8) to base 13.
b9
-6a3 (base 11) to base 7
-2306
-31054 (base 8) to base 14
-4976
Convert -763 (base 13) to base 5.
-20024
Convert 8b6 (base 15) to base 12.
1183
30a (base 11) to base 12
271
251363 (base 7) to base 14
12b6a
-102222210 (base 3) to base 8
-21046
Convert 245444 (base 6) to base 16.
55e4
Convert -23a46 (base 13) to base 11.
-45200
Convert 2c61 (base 15) to base 2.
10010101000101
100 (base 4) to base 15
11
Convert 110011101 (base 2) to base 13.
25a
Convert 542 (base 6) to base 10.
206
Convert 212021 (base 3) to base 14.
32c
-107232 (base 8) to base 11
-25478
Convert -46c (base 14) to base 9.
-1177
3ac (base 13) to base 10
649
Convert -55406 (base 8) to base 2.
-101101100000110
What is -126 (base 11) in base 7?
-302
What is -21022 (base 4) in base 16?
-24a
What is -444 (base 6) in base 5?
-1142
2456 (base 8) to base 13
7b0
1323 (base 5) to base 6
553
-21 (base 3) to base 12
-7
-296a (base 13) to base 10
-6003
What is -26732 (base 8) in base 13?
-545c
-2044 (base 10) to base 3
-2210201
-1a5a4 (base 12) to base 9
-58267
-10833 (base 16) to base 5
-4131020
What is 100111111000011 (base 2) in base 14?
7627
Convert 100010010100 (base 2) to base 13.
ccc
Convert -120011 (base 3) to base 14.
-213
Convert 202 (base 8) to base 16.
82
88 (base 15) to base 8
200
-21110222 (base 3) to base 16
-154d
7318 (base 14) to base 4
10311222
Convert -11001110 (base 2) to base 5.
-1311
What is 423 (base 5) in base 16?
71
-a5 (base 13) to base 12
-b3
Convert -1110101001 (base 2) to base 14.
-4ad
Convert -11011100111111 (base 2) to base 13.
-658c
1100100011 (base 2) to base 10
803
21a (base 16)